et r be y(7). Let i = r + 12. List the prime factors of i.
13
Let k be 1 - (16/2)/2. Suppose 20 = 5*n, 2*n = -3*v + 5 + 3. List the prime factors of (-15)/(9/k) - v.
5
Let y(i) = i**3 - 5*i**2 + 3*i + 2. Let r be y(4). List the prime factors of (-1)/(-4 - r)*16.
2
Let c be -3 - (1 + -5) - 1. Suppose c = 2*t - 3*q - 7, -4*t + 2*q = -3*q - 17. List the prime factors of t.
2
Let h(v) = 10*v**2 + 4*v + 2. What are the prime factors of h(-3)?
2, 5
What are the prime factors of (-1)/4 + (-10535)/(-28)?
2, 47
Let o be -1 - (-3)/6*-4. Let d be (-6 - o) + -1*1. What are the prime factors of 86/10 - d/10?
3
Let c = 5 + 3. Suppose 0 = -3*a + c*a - 140. Suppose -w - 9 = -a. What are the prime factors of w?
19
Suppose 3*q = 3*k - 0*q + 6, q - 8 = 3*k. Let x be (-1)/(2 + k/2). Let d = 7 - x. What are the prime factors of d?
3
Let t = 74 + 22. What are the prime factors of t?
2, 3
Suppose -5*d - n + 1305 = 3*n, -n = d - 261. List the prime factors of d.
3, 29
Let k(y) = -10*y. Let o(u) = -u - 1. Let t(x) = -k(x) + 3*o(x). List the prime factors of t(8).
53
Let b = 22 + 93. List the prime factors of b.
5, 23
Let z be 5 + -4 + 302*1. Let t be (-1)/4 - z/(-12). Let m = t - 15. List the prime factors of m.
2, 5
Let l(u) = u**2 - 7*u - 4. Let a be l(8). Suppose -5*p - 20 = 0, p - a*p - 1 = r. List the prime factors of r.
11
Let u = 48 + -22. Suppose -2*c + u = -2*x, 3*c - 25 = x + 18. What are the prime factors of c?
3, 5
Let t be (-10)/(-15) - 10/(-3). Let r(v) = 3*v**3 + 13 + v**2 + v - 5*v + 5*v - t*v**3. What are the prime factors of r(0)?
13
Let q(n) = n**3 + 5*n**2 + n + 7. Let z be q(-5). List the prime factors of (24/(-10))/(z/(-10)).
2, 3
Suppose 3 = 2*v - 3. Let a(o) = -4*o + v + 3 + 4*o**2 - o**3 - 3. List the prime factors of a(2).
3
Let q be 1/((-2)/(-6)) + -3. Suppose 4*j - 44 = -q*j. What are the prime factors of j?
11
Let f(s) = 2*s**3 - 3*s**2 + 3*s - 4. List the prime factors of f(2).
2, 3
Let y(i) = i**3 + 3*i**2 - 3*i + 4. Let l be y(-3). Suppose 3*f + l = p + f, 0 = 3*p - 5*f - 41. What are the prime factors of p?
17
Suppose -7*f = -8*f + 326. What are the prime factors of f?
2, 163
Let k(h) = 1 + 5*h**2 + 2*h + 2*h**3 - 3*h**3 + 2. Let j be (-21)/(-6)*60/42. List the prime factors of k(j).
13
Suppose 0 + 125 = 5*i. What are the prime factors of i?
5
Let t = -3 - -73. Suppose 8*x - 6*x - t = 0. List the prime factors of x.
5, 7
Suppose -3*c - 5*u + 79 = 0, 0 = u - 1 + 5. List the prime factors of c.
3, 11
Suppose z = -3*u - z + 2, 3*u = 4*z - 4. Let w(k) = 5*k + 0*k**2 - 4 + u*k**2 + k**2 + 12. What are the prime factors of w(-6)?
2, 7
Let h be 10/(-3)*6/(-4). Let j = 2 + 1. Suppose 3*t - 10 + 5 = h*o, j*t + 2*o - 40 = 0. What are the prime factors of t?
2, 5
Let g be 2/(((-12)/(-4))/(-6)). Let u = g + 11. What are the prime factors of u?
7
Suppose -4*b = -2*b. Let t = 2 + 1. Let n = b + t. List the prime factors of n.
3
Suppose -3*q = -5*j - 6*q + 271, 0 = -j + 4*q + 68. List the prime factors of j.
2, 7
Let b be (189/(-14))/(1/(-2)). Suppose 4*d - b = 2*g + g, 0 = 4*g + 20. What are the prime factors of d?
3
Suppose -n - 3*n + 72 = 0. What are the prime factors of n?
2, 3
Let r(k) = k**3 - 3*k**2 - 8*k - 2. Let z be r(4). Let j = z - -38. What are the prime factors of j?
2, 5
Suppose -5*o + 10 = -5*b, -o = 2*o - 5*b - 2. Suppose -5*g + o + 11 = 0. Suppose -14 - 4 = -g*l + m, 4*l + 3*m - 37 = 0. List the prime factors of l.
7
Let z be (-1 - -2)/(1/5). Suppose c = 12 - z. List the prime factors of c.
7
Suppose 0*b = b - 21. Let i = -1 + b. Let k = 28 - i. What are the prime factors of k?
2
Suppose 0 = 2*b + 5*q - 92, b + b + 3*q - 88 = 0. What are the prime factors of b?
41
Let g(w) = 4*w + 3 + 2*w + 2*w**2 + 0*w. Suppose 0*j = 2*j + 8. List the prime factors of g(j).
11
List the prime factors of 118 + (12/(-4) - 0).
5, 23
Let q be (-1 - 49)/((-1)/1). Let j = -25 + q. Suppose -3*r + 2 + j = 0. List the prime factors of r.
3
Let o be 1/(9/(-5) - -2). Let g = 0 + o. Let q(p) = 2*p - 5. List the prime factors of q(g).
5
Let r = 12 - 19. Let m(w) = -w**2 - 8*w + 1. List the prime factors of m(r).
2
Suppose 2 - 11 = -3*d. Let i = 8 - d. Suppose -2*j + 14 = i*b + j, 8 = b - 2*j. What are the prime factors of b?
2
Let s be (0 - 2) + -1 + 65. Suppose s + 2 = 4*k. List the prime factors of k.
2
Let a be (4/(-10))/((-2)/10). Let t = -2 + a. Let i = 9 + t. List the prime factors of i.
3
Suppose 5*i - 7*i = -144. List the prime factors of i.
2, 3
Suppose -2*o + 74 = -2*c, -o - 5*c + 23 + 8 = 0. What are the prime factors of o?
2, 3
Suppose -4*z = -4*f + 32, 2*f - 4*f = z - 28. Let b = 11 - 5. Let a = f - b. What are the prime factors of a?
2, 3
Let t be 2/(-2) + -2 + 4. Let a be -3 + t - -5 - 2. What are the prime factors of (8 - -1 - -1)/a?
2, 5
What are the prime factors of 1/12 + 10015/60?
167
Let r be (-4)/(-14) + (-342)/21. Let l = -10 - r. Let g = 0 + l. List the prime factors of g.
2, 3
Suppose 63 = 3*g - 0*g. Suppose 41 = -4*x + 2*y - g, 0 = 2*x + y + 29. What are the prime factors of 5/x + 16/3?
5
Let w(k) = 6*k**2 - 6*k - 19. List the prime factors of w(6).
7, 23
Let c = -79 - -338. List the prime factors of c.
7, 37
Let u(c) = 2*c**3 + 2*c**2 + c. Let k be u(-1). Let o = 7 - k. Let v(t) = t**2 - 6*t - 10. What are the prime factors of v(o)?
2, 3
Suppose 2*f = -3*y + 12, 3 = -4*y - 5. List the prime factors of f.
3
List the prime factors of 4 + 62/6 + (-6)/(-9).
3, 5
Suppose 0 = 3*k - k - 8. Let h = -2 + k. Suppose -2*b = 4*z - 3*z - 26, 0 = h*z - 8. What are the prime factors of b?
11
Suppose -5*b + k = -168, 29 = b - 5*k + 5. List the prime factors of b.
2, 17
Suppose 2*v + 3*v - 3*b - 24 = 0, v - 5*b = -4. Suppose -4*c + v*t - t = -119, -c + 26 = -5*t. List the prime factors of c.
31
Let j(b) = -b - 6. Let q be j(-8). List the prime factors of q/7 + 235/35.
7
Suppose 12 = -d + 2*d. What are the prime factors of d?
2, 3
Suppose 2*z - 14 = -2*o, 0 = 2*z - 3*o - 1 + 2. Suppose 0 = 3*f - 12, 7*v - 2*v = -5*f + 110. Suppose -v = 2*r - z*r. What are the prime factors of r?
3
Let f(i) = -i**2 + 33*i + 35. List the prime factors of f(25).
5, 47
Suppose -2*i - 2*m = -12, -2*m + 7*m - 6 = -i. Suppose -39 = -2*f + y - 4*y, 0 = 2*y + i. List the prime factors of f.
2, 3
Suppose -4*v + 8 = 0, 0*v + 3*v + 6 = -2*c. Let s be 1/2 + (-62)/4. Let b = c - s. What are the prime factors of b?
3
Let x = 13 - 8. Suppose q + 4*y = -11, -q + 3*q - 30 = x*y. What are the prime factors of q?
5
Let z(h) = h**2 + 4. Let n be z(0). Suppose -n*q + 19 = -49. List the prime factors of q.
17
Let u = 11 + -8. Suppose -5*w - 36 + u = -v, 0 = 4*v - w - 56. List the prime factors of v.
13
Let w = 3 + 5. Suppose 3*c - c = w. List the prime factors of c.
2
Let a be (-10)/(-4)*(-24)/(-15). Suppose a*g = 46 + 30. What are the prime factors of g?
19
Suppose 2*q + 60 = -2*q. Let h = q - -59. What are the prime factors of h?
2, 11
Let j = 165 + -60. What are the prime factors of j?
3, 5, 7
Let z(t) = -2*t**3 - 11*t**2 - 16*t - 31. What are the prime factors of z(-7)?
2, 3, 19
Suppose -4*v + 571 = 231. What are the prime factors of v?
5, 17
Let t be (-2)/5 - (-51)/15. What are the prime factors of 18/4*2/t?
3
Let c = -8 - -27. List the prime factors of c.
19
Let n = -5 + 2. Let d(l) = -l**2 - 3*l + 3. Let b be d(n). Suppose -5*i = -b - 12. What are the prime factors of i?
3
Let z = 8 - 8. Suppose z = 3*u + 2*u - 125. List the prime factors of u.
5
List the prime factors of (260 + 0)*(-14)/(-35).
2, 13
Suppose 2 + 8 = 3*k + g, 3*g = -2*k + 2. Suppose 5*t - 14 = -6*q + k*q, 0 = 3*q + 4*t - 21. List the prime factors of q.
7
Suppose -v = 2*z - 1, z - 2*v - 13 = -0*v. List the prime factors of (1 - 1) + z - -1.
2
Let i be (-2)/(-2)*-1*-3. Let f(b) = b**3 - b**2 - b - 4. List the prime factors of f(i).
11
List the prime factors of 1/(-4) + 842/8.
3, 5, 7
Let r be (-42)/(-9) - (-2)/(-3). Let x(j) = 2*j**3 - 6*j**2 + 2*j - 1. Let a be x(r). Let l = a + -27. List the prime factors of l.
2, 3
Let p(a) = -a**2 - 14*a - 6. Let f be p(-14). List the prime factors of (-1 - 29)*f/10.
2, 3
Suppose -h + 169 = -166. What are the prime factors of h?
5, 67
What are the prime factors of (116/(-10))/(2*7/(-35))?
29
Let q = 6 + 1. List the prime factors of q.
7
Let v = -3 - 2. Let u be ((-25)/(-1))/(v/(